m = 3*m - x. Let r = m + 8. What is the highest common factor of 24 and r?
4
Let j(y) = -y**3 - y**2 - 8*y + 30. Let r be j(0). Calculate the highest common divisor of 120 and r.
30
Suppose 5*m - 61 = 4*g - 8*g, 60 = 3*g - m. Calculate the highest common factor of g and 133.
19
Let a(y) = -2*y**3 - 3*y**2 - 2*y + 1. Let z be a(-2). Suppose -4*q + 15 = 3. What is the greatest common divisor of z and q?
3
Let h be (18/(-15))/(9/(-15)). Calculate the highest common factor of h and 6.
2
Let r = 8 + -6. Suppose -y - 2*y = r*t - 60, -y = 2. Calculate the greatest common factor of 3 and t.
3
Let v(z) = -15*z - 44. Let y(p) = 5*p + 15. Let i(c) = -4*v(c) - 11*y(c). Let s be i(5). What is the greatest common factor of s and 4?
4
Suppose -4*w - 36 = -0*w. Let u(h) = -2*h**2 - 2*h - 1. Let c be u(-1). Let v be (21/w)/(c/27). Calculate the highest common divisor of 7 and v.
7
Let s(q) = q + 22. Let m be s(-10). Calculate the highest common factor of 30 and m.
6
Suppose -7*j = -3*j - 4. Suppose 3*k + 2*v + 306 = 0, -j - 2 = -v. Let b be k*(15/(-6) - -2). Calculate the greatest common factor of b and 13.
13
Let t(g) = -g**3 - 2*g**2 + 2*g - 1. Let z be t(-3). Let d(c) = -c + 7. Let v be d(3). What is the greatest common factor of v and z?
2
Let n(z) = 20*z - 3. Let g be n(1). What is the greatest common divisor of g and 85?
17
Suppose 5*c - 65 = 4*p, 4*p - 4*c + 2*c = -62. Let z be p + 24 - 0/(-1). Calculate the greatest common divisor of 99 and z.
9
Let w = -4 + 6. Suppose p - 1 = -w*v, 25 = v + 4*v - 5*p. Let m(h) = h**3 + 7*h**2 - 6*h - 40. Let z be m(-7). What is the greatest common factor of v and z?
2
Let y(k) = k**3 + 2*k**2 + 2. Let o be y(-2). Let x = 4 + -8. Let v be (o/3)/(x/(-726)). What is the highest common factor of 11 and v?
11
Let s = -48 + 69. Calculate the greatest common factor of 14 and s.
7
Let k be -1 + (6/(-4))/(3/(-4)). Let d be 8 + 0/(1 - 3). Calculate the greatest common factor of k and d.
1
Let u(g) = 2*g**2 + 1. Let t(d) = -d**2 + 7*d + 11. Let v be t(8). Let b be u(v). What is the greatest common factor of b and 171?
19
Let j(m) = -m**2 + 8*m + 5. Let b be j(8). Suppose b*u - 31 + 1 = 0. What is the highest common divisor of 3 and u?
3
Let m(t) = -25*t + 15. Let r be m(-6). Calculate the greatest common factor of 66 and r.
33
Let q(u) = u. Let p be q(4). Suppose -p*c + 3*c + 527 = 3*w, 4*c = -4*w + 700. What is the greatest common factor of w and 22?
22
Suppose -6*q = -2*q + 12. Let n = q + 4. Calculate the greatest common divisor of n and 2.
1
Suppose 125 = 42*r - 37*r. What is the greatest common divisor of 75 and r?
25
Suppose -t + 549 = q, 196 - 1297 = -2*q + t. Calculate the highest common factor of q and 50.
50
Let z(a) = -2*a**3 + a**2 + 2*a. Let w be z(-2). What is the highest common divisor of 128 and w?
16
Let u(z) = 4 - 2*z**3 - z + 4*z**2 - 2 - 4*z**2. Let b be u(-2). What is the highest common divisor of 4 and b?
4
Suppose d - 4*d + 33 = 0. Let g(m) = m**3 - 11*m**2 - 17*m - 18. Let a be g(13). What is the greatest common factor of a and d?
11
Let v(i) = i + 7. Let y be v(-3). Suppose -12 = -y*q + 2*b, 3*q - 5*q + 3*b - 2 = 0. Suppose -7 - 3 = -10*t. Calculate the greatest common factor of t and q.
1
Let l be 1 + 0 + 0 + 5. Let t(v) = 6*v - v**2 - 5 - 5 + l*v. Let u be t(9). What is the highest common factor of 187 and u?
17
Suppose 0 = -2*n - 60 + 22. Let c = 3 - n. Calculate the highest common divisor of c and 88.
22
Suppose x + 78 = 7*x. Calculate the greatest common divisor of x and 143.
13
Suppose 6*q - 4 = -c + q, c = -q + 8. Calculate the greatest common factor of 81 and c.
9
Let y be (15/6)/((-1)/(-2)). Let j = y - 0. Suppose -4*u + 7*u = -2*d + 34, -2*u + 29 = -j*d. What is the greatest common factor of 108 and u?
12
Suppose 18 - 1 = q. Calculate the greatest common factor of 34 and q.
17
Let q(t) = t**3 + 4*t**2 - 5*t + 6. Let m be q(-5). Calculate the highest common factor of 18 and m.
6
Let c = 9 - -66. What is the greatest common factor of c and 30?
15
Suppose x = 81 - 23. Let r = -13 + x. Calculate the highest common divisor of r and 18.
9
Let g(i) = 2*i + 6. Let y be g(8). Suppose y - 76 = -3*f. What is the highest common divisor of 126 and f?
18
Let x be 112/12 - (-12)/18. Calculate the greatest common divisor of x and 10.
10
Let u be 40/(-6)*108/(-30). Calculate the greatest common factor of u and 8.
8
Let p(m) = 19*m**2 - m - 7. Let g be p(3). Calculate the highest common divisor of 23 and g.
23
Suppose 3 = -4*k - 2*r - 29, -r = 4. Let t(d) = -3*d + 12. Let o be t(k). What is the greatest common divisor of 45 and o?
15
Let d be ((-16)/(-6))/(2/3). What is the greatest common divisor of 52 and d?
4
Let v(u) = -u**2 + 15*u - 46. Let z be v(6). What is the highest common factor of 16 and z?
8
Let k = 21 - 8. Let f = 48 - 20. Let n = f - k. What is the highest common factor of n and 3?
3
Let a be 4/(-3)*(-210)/28. What is the greatest common divisor of a and 70?
10
Suppose -x + 1023 = 3*h, 3*h + h - 1364 = -5*x. What is the highest common divisor of h and 31?
31
Suppose 0 = 5*l - 13 - 2. Suppose 2*n = -4*c - 7 + 93, -5*c + l*n + 113 = 0. Let r be 33*(4/2)/6. Calculate the highest common factor of c and r.
11
Let o be (3 - (-100)/4) + -4. What is the highest common divisor of o and 60?
12
Let w be (-2*2/(-6))/(2/3). What is the highest common divisor of 1 and w?
1
Suppose 5*f = -4*s + 2*s + 41, -3*s + 4*f + 4 = 0. Let c be -5 - -7 - (-88 + 2). What is the greatest common divisor of c and s?
8
Let k(j) = j**2 - 5*j + 15. Let m be k(3). What is the highest common divisor of m and 15?
3
Let t be (-3)/(-5) - 8/(-20). Let b be (-3 + t)*(-39)/6. What is the highest common factor of 52 and b?
13
Let y(b) = -4*b**3 - 2*b**2 - b - 3. Let c be y(-3). Let x = -12 - -20. Let l = c + x. Calculate the highest common divisor of 14 and l.
14
Let c be (5/2)/(1/4). Calculate the greatest common factor of c and 90.
10
Let d be (-3)/6*-6 + -1. Calculate the greatest common factor of 16 and d.
2
Let o(k) = 27*k**2 - k + 1. Let a be o(1). Let c = 32 + 211. Calculate the greatest common divisor of a and c.
27
Suppose 5*m - 28 = 72. What is the greatest common factor of m and 5?
5
Let n(a) = 2*a + 3 + 0 + 0 + 3. Let s be n(0). What is the greatest common divisor of s and 2?
2
Let y be 0/2*3/6. Suppose y = -z - 67 + 197. What is the greatest common divisor of z and 13?
13
Suppose -280 = q - 5*q + 4*g, 5*q + 4*g = 332. What is the highest common divisor of 17 and q?
17
Let w = 11 - 7. Suppose -4*v = w*b - 336, -b + 2*v + 399 = 4*b. Calculate the greatest common divisor of 9 and b.
9
Suppose 6 = 2*j, 2*j + 5 = -4*t + 47. Let y be 10/45 - (-763)/t. Calculate the greatest common factor of y and 17.
17
Suppose 4*b + 40 - 763 = -5*p, 0 = 5*p + b - 717. What is the highest common divisor of 11 and p?
11
Let s(l) = 2*l**2 - 6*l + 6. Let q be s(4). What is the highest common factor of 7 and q?
7
Suppose -4*j + 4 = 2*w, -5*j + w = -17 - 2. Let s be 0/(-2) - 30/(-2). What is the greatest common divisor of s and j?
3
Let i(j) = j**3 - 10*j**2 - 12*j + 14. Let k be i(11). Suppose k*x = 4*x - 18. Let s be 96*3/(x/4). What is the greatest common factor of 8 and s?
8
Let n be (-2 + (-3)/(-6))*-22. Let a(t) = -2*t + t - 2 + 9. Let r be a(4). What is the highest common divisor of r and n?
3
Let s(t) = -16*t - 16. Let l be s(-12). What is the greatest common divisor of l and 16?
16
Let o be 2/5 + (-90)/(-25). Suppose -o*l + 2 = -a + 28, l = -4*a + 70. What is the greatest common factor of 54 and a?
18
Let h = -8 + 11. Let r(y) = 46*y + 1. Let s(i) = -9*i. Let c(j) = -2*r(j) - 11*s(j). Let k be c(h). Calculate the greatest common factor of k and 133.
19
Suppose -26 = -4*h + 6. Let o be 4/6*180/h. What is the greatest common factor of 15 and o?
15
Let h be ((-14)/2)/((-1)/2). Let p = -65 - -67. What is the highest common divisor of p and h?
2
Suppose 18*k - 13*k - 60 = 0. What is the highest common factor of k and 6?
6
Let a(r) = -r**3 + 5*r**2 + 8*r. Let q be a(6). Calculate the greatest common factor of q and 24.
12
Let a be -6*5/20*(0 + -108). Calculate the highest common divisor of a and 18.
18
Let z = 0 + 70. What is the greatest common factor of z and 14?
14
Let i(s) = -s**2 - 5*s + 6. Let p be i(-6). Let t be (p - -3) + (-3)/(-1). Let 